
{"id":3662,"date":"2013-10-19T18:51:50","date_gmt":"2013-10-19T17:51:50","guid":{"rendered":"http:\/\/www.canaldumidi.com\/Publications\/wp-content\/uploads\/2013\/10\/nd-ph-carcassonnais-3-1-01-bief-de-st-jean.jpg"},"modified":"2013-10-19T18:51:50","modified_gmt":"2013-10-19T17:51:50","slug":"nd-ph-carcassonnais-3-1-01-bief-de-st-jean","status":"inherit","type":"attachment","link":"https:\/\/www.canaldumidi.com\/Publications\/2013\/10\/carcassonnais-est-1\/nd-ph-carcassonnais-3-1-01-bief-de-st-jean\/","title":{"rendered":"Le bief de St Jean au d\u00e9part de Carcassonne"},"author":7,"featured_media":0,"comment_status":"open","ping_status":"closed","template":"","meta":[],"class_list":["post-3662","attachment","type-attachment","status-inherit","hentry"],"description":{"rendered":"<p class=\"attachment\"><a href='https:\/\/www.canaldumidi.com\/Publications\/wp-content\/uploads\/2013\/10\/nd-ph-carcassonnais-3-1-01-bief-de-st-jean.jpg'><img loading=\"lazy\" decoding=\"async\" width=\"300\" height=\"201\" src=\"https:\/\/www.canaldumidi.com\/Publications\/wp-content\/uploads\/2013\/10\/nd-ph-carcassonnais-3-1-01-bief-de-st-jean-300x201.jpg\" class=\"attachment-medium size-medium\" alt=\"\" srcset=\"https:\/\/www.canaldumidi.com\/Publications\/wp-content\/uploads\/2013\/10\/nd-ph-carcassonnais-3-1-01-bief-de-st-jean-300x201.jpg 300w, https:\/\/www.canaldumidi.com\/Publications\/wp-content\/uploads\/2013\/10\/nd-ph-carcassonnais-3-1-01-bief-de-st-jean-600x402.jpg 600w, https:\/\/www.canaldumidi.com\/Publications\/wp-content\/uploads\/2013\/10\/nd-ph-carcassonnais-3-1-01-bief-de-st-jean.jpg 800w\" sizes=\"auto, (max-width: 300px) 100vw, 300px\" \/><\/a><\/p>\n<p>Bief de Saint Jean.<br \/>\n39e bief du Canal.<br \/>\nLongueur : 2 km 864.<br \/>\nCommune travers\u00e9e par le bief :<br \/>\nCarcassonne.<\/p>\n<p>Nombre de communes travers\u00e9es depuis l&rsquo;extr\u00e8mit\u00e9 occidentale du canal jusqu&rsquo; \u00e0 l&rsquo;\u00e9cluse : 30.<\/p>\n<p>Nombres de communes travers\u00e9es par la totalit\u00e9 du canal : 63.<\/p>\n<p>Climat : interm\u00e9diaire (oc\u00e9anique alt\u00e9r\u00e9 avec une influence m\u00e9diterran\u00e9enne grandissante en se dirigeant vers l&rsquo;Est (donn\u00e9es 2012).<\/p>\n<p>A noter, sur la photo en bas \u00e0 droite, une vue sur la Cit\u00e9.<\/p>\n"},"caption":{"rendered":"<p>Bief de Saint Jean. 39e bief du Canal. Longueur : 2 km 864. Commune travers\u00e9e par le bief : Carcassonne. Nombre de communes travers\u00e9es depuis l&rsquo;extr\u00e8mit\u00e9 occidentale du canal jusqu&rsquo; \u00e0 l&rsquo;\u00e9cluse : 30. Nombres de communes travers\u00e9es par la totalit\u00e9 du canal : 63. Climat : interm\u00e9diaire &hellip; <a href=\"https:\/\/www.canaldumidi.com\/Publications\/2013\/10\/carcassonnais-est-1\/nd-ph-carcassonnais-3-1-01-bief-de-st-jean\/\">[lire&nbsp;la&nbsp;suite]<\/a><\/p>\n"},"alt_text":"","media_type":"image","mime_type":"image\/jpeg","media_details":{"width":800,"height":537,"file":"2013\/10\/nd-ph-carcassonnais-3-1-01-bief-de-st-jean.jpg","sizes":{"thumbnail":{"file":"nd-ph-carcassonnais-3-1-01-bief-de-st-jean-150x150.jpg","width":150,"height":150,"mime_type":"image\/jpeg","source_url":"https:\/\/www.canaldumidi.com\/Publications\/wp-content\/uploads\/2013\/10\/nd-ph-carcassonnais-3-1-01-bief-de-st-jean-150x150.jpg"},"medium":{"file":"nd-ph-carcassonnais-3-1-01-bief-de-st-jean-300x201.jpg","width":300,"height":201,"mime_type":"image\/jpeg","source_url":"https:\/\/www.canaldumidi.com\/Publications\/wp-content\/uploads\/2013\/10\/nd-ph-carcassonnais-3-1-01-bief-de-st-jean-300x201.jpg"},"wysija-newsletters-max":{"file":"nd-ph-carcassonnais-3-1-01-bief-de-st-jean-600x402.jpg","width":600,"height":402,"mime_type":"image\/jpeg","source_url":"https:\/\/www.canaldumidi.com\/Publications\/wp-content\/uploads\/2013\/10\/nd-ph-carcassonnais-3-1-01-bief-de-st-jean-600x402.jpg"},"post-thumbnail":{"file":"nd-ph-carcassonnais-3-1-01-bief-de-st-jean-800x198.jpg","width":800,"height":198,"mime_type":"image\/jpeg","source_url":"https:\/\/www.canaldumidi.com\/Publications\/wp-content\/uploads\/2013\/10\/nd-ph-carcassonnais-3-1-01-bief-de-st-jean-800x198.jpg"},"full":{"file":"nd-ph-carcassonnais-3-1-01-bief-de-st-jean.jpg","width":800,"height":537,"mime_type":"image\/jpeg","source_url":"https:\/\/www.canaldumidi.com\/Publications\/wp-content\/uploads\/2013\/10\/nd-ph-carcassonnais-3-1-01-bief-de-st-jean.jpg"}},"image_meta":{"aperture":4,"credit":"","camera":"Canon PowerShot SX230 HS","caption":"","created_timestamp":1345044003,"copyright":"","focal_length":"11.728","iso":"125","shutter_speed":"0.000625","title":""}},"post":3630,"source_url":"https:\/\/www.canaldumidi.com\/Publications\/wp-content\/uploads\/2013\/10\/nd-ph-carcassonnais-3-1-01-bief-de-st-jean.jpg","_links":{"self":[{"href":"https:\/\/www.canaldumidi.com\/Publications\/wp-json\/wp\/v2\/media\/3662","targetHints":{"allow":["GET"]}}],"collection":[{"href":"https:\/\/www.canaldumidi.com\/Publications\/wp-json\/wp\/v2\/media"}],"about":[{"href":"https:\/\/www.canaldumidi.com\/Publications\/wp-json\/wp\/v2\/types\/attachment"}],"author":[{"embeddable":true,"href":"https:\/\/www.canaldumidi.com\/Publications\/wp-json\/wp\/v2\/users\/7"}],"replies":[{"embeddable":true,"href":"https:\/\/www.canaldumidi.com\/Publications\/wp-json\/wp\/v2\/comments?post=3662"}],"wp:attached-to":[{"embeddable":true,"post_type":"post","id":3630,"href":"https:\/\/www.canaldumidi.com\/Publications\/wp-json\/wp\/v2\/posts\/3630"}],"curies":[{"name":"wp","href":"https:\/\/api.w.org\/{rel}","templated":true}]}}

Le bief de St Jean au départ de Carcassonne

<p class="attachment"><a href='https://www.canaldumidi.com/Publications/wp-content/uploads/2013/10/nd-ph-carcassonnais-3-1-01-bief-de-st-jean.jpg'><img loading="lazy" decoding="async" width="300" height="201" src="https://www.canaldumidi.com/Publications/wp-content/uploads/2013/10/nd-ph-carcassonnais-3-1-01-bief-de-st-jean-300x201.jpg" class="attachment-medium size-medium" alt="" srcset="https://www.canaldumidi.com/Publications/wp-content/uploads/2013/10/nd-ph-carcassonnais-3-1-01-bief-de-st-jean-300x201.jpg 300w, https://www.canaldumidi.com/Publications/wp-content/uploads/2013/10/nd-ph-carcassonnais-3-1-01-bief-de-st-jean-600x402.jpg 600w, https://www.canaldumidi.com/Publications/wp-content/uploads/2013/10/nd-ph-carcassonnais-3-1-01-bief-de-st-jean.jpg 800w" sizes="auto, (max-width: 300px) 100vw, 300px" /></a></p>
<p>Bief de Saint Jean.<br />
39e bief du Canal.<br />
Longueur : 2 km 864.<br />
Commune traversée par le bief :<br />
Carcassonne.</p>
<p>Nombre de communes traversées depuis l&rsquo;extrèmité occidentale du canal jusqu&rsquo; à l&rsquo;écluse : 30.</p>
<p>Nombres de communes traversées par la totalité du canal : 63.</p>
<p>Climat : intermédiaire (océanique altéré avec une influence méditerranéenne grandissante en se dirigeant vers l&rsquo;Est (données 2012).</p>
<p>A noter, sur la photo en bas à droite, une vue sur la Cité.</p>

<p>Bief de Saint Jean. 39e bief du Canal. Longueur : 2 km 864. Commune traversée par le bief : Carcassonne. Nombre de communes traversées depuis l&rsquo;extrèmité occidentale du canal jusqu&rsquo; à l&rsquo;écluse : 30. Nombres de communes traversées par la totalité du canal : 63. Climat : intermédiaire &hellip; <a href="https://www.canaldumidi.com/Publications/2013/10/carcassonnais-est-1/nd-ph-carcassonnais-3-1-01-bief-de-st-jean/">[lire&nbsp;la&nbsp;suite]</a></p>
